{"id":294,"date":"2021-01-04T22:26:46","date_gmt":"2021-01-04T21:26:46","guid":{"rendered":"http:\/\/www.bsmax.fr\/?page_id=294"},"modified":"2021-01-04T22:34:25","modified_gmt":"2021-01-04T21:34:25","slug":"changelog","status":"publish","type":"page","link":"https:\/\/www.bsmax.fr\/?page_id=294","title":{"rendered":"Changelog"},"content":{"rendered":"\t\t<div data-elementor-type=\"wp-page\" data-elementor-id=\"294\" class=\"elementor elementor-294\">\n\t\t\t\t\t\t\t\t\t<section class=\"elementor-section elementor-top-section elementor-element elementor-element-8af7d1f elementor-section-boxed elementor-section-height-default elementor-section-height-default\" data-id=\"8af7d1f\" data-element_type=\"section\">\n\t\t\t\t\t\t<div class=\"elementor-container elementor-column-gap-default\">\n\t\t\t\t\t<div class=\"elementor-column elementor-col-100 elementor-top-column elementor-element elementor-element-299a189\" data-id=\"299a189\" data-element_type=\"column\">\n\t\t\t<div class=\"elementor-widget-wrap elementor-element-populated\">\n\t\t\t\t\t\t\t\t<div class=\"elementor-element elementor-element-f195c2a elementor-widget elementor-widget-heading\" data-id=\"f195c2a\" data-element_type=\"widget\" data-widget_type=\"heading.default\">\n\t\t\t\t<div class=\"elementor-widget-container\">\n\t\t\t<h2 class=\"elementor-heading-title elementor-size-default\">Changelog<\/h2>\t\t<\/div>\n\t\t\t\t<\/div>\n\t\t\t\t\t<\/div>\n\t\t<\/div>\n\t\t\t\t\t\t\t<\/div>\n\t\t<\/section>\n\t\t\t\t<section class=\"elementor-section elementor-top-section elementor-element elementor-element-0aae901 elementor-section-boxed elementor-section-height-default elementor-section-height-default\" data-id=\"0aae901\" data-element_type=\"section\">\n\t\t\t\t\t\t<div class=\"elementor-container elementor-column-gap-default\">\n\t\t\t\t\t<div class=\"elementor-column elementor-col-100 elementor-top-column elementor-element elementor-element-7a7716d\" data-id=\"7a7716d\" data-element_type=\"column\">\n\t\t\t<div class=\"elementor-widget-wrap elementor-element-populated\">\n\t\t\t\t\t\t\t\t<div class=\"elementor-element elementor-element-98d3c5d elementor-widget elementor-widget-text-editor\" data-id=\"98d3c5d\" data-element_type=\"widget\" data-widget_type=\"text-editor.default\">\n\t\t\t\t<div class=\"elementor-widget-container\">\n\t\t\t\t\t\t\t<p class=\"font_9\"><span class=\"color_15\">Nouveaut\u00e9s et changements par rapport \u00e0 la version pr\u00e9c\u00e9dente :<\/span><\/p><p class=\"font_9\"><span class=\"color_15\">&#8211; Retour du son lors d&rsquo;un texte en priv\u00e9 dans le gestionnaire de sons<br \/>&#8211; Gestion des whois plus pouss\u00e9e permettant l&rsquo;affichage des banmask, l&rsquo;archivage et la centralisation<br \/>&#8211; Gestion des mass modes en acc\u00e8s rapide +v\/+h\/+o \u00e9galement par BotServ<br \/>&#8211; S\u00e9curit\u00e9 emp\u00eachant l&rsquo;apparition du message d&rsquo;erreur editbox en fen\u00eatre de status<br \/>&#8211; Fiabilisation du script en cas d&rsquo;utilisation d&rsquo;un pseudo non enregistr\u00e9<br \/>&#8211; Nouveau menu d&rsquo;enregistrement group\u00e9 des informations de d\u00e9marrage et des raccourcis F1 \u00e0 F5<br \/>&#8211; D\u00e9connexion automatique en cas de reset du script<br \/>&#8211; Adaptation de la phrase d&rsquo;ASV avec le ColorStudio<br \/>&#8211; Correction du lien \u00ab\u00a0Modes du salon\u00a0\u00bb d\u00e9fectueux<br \/>&#8211; Modification du texte de la barre des titres anim\u00e9e, plus pr\u00e9cise et concise concernant le salon actuel<br \/>&#8211; Ajout d&rsquo;un syst\u00e8me de placement du raccourci du script sur le bureau<br \/>&#8211; Int\u00e9gration native de la console d&rsquo;assistance de jeu de Maxino (console d\u00e9velopp\u00e9e par Saga)<br \/>&#8211; Affichage du serveur lors de l&rsquo;arriv\u00e9e sur un salon en cas de connexion multiserveurs<br \/>&#8211; Ajout dans le menu BSmax Script d&rsquo;une option de Cleanup permettant de passer en revue tous les \u00e9crans<br \/>&#8211; Nouveau menu d&rsquo;enregistrement d&rsquo;auto-join plus ergonomique<br \/>&#8211; Signalisation lors de l&rsquo;arriv\u00e9e sur un salon se trouvant enregistr\u00e9 dans les auto-join<br \/>&#8211; Ajout de nouvelles options dans le panneau de configuration<br \/>&#8211; Nouveau syst\u00e8me \u00ab\u00a0facesound\u00a0\u00bb permettant d&rsquo;attribuer un son de son choix sur l&rsquo;arriv\u00e9e d&rsquo;un pseudo<br \/>&#8211; Possibilit\u00e9 de configurer un mode Diaporama pour alterner les fonds d&rsquo;\u00e9cran du script selon une dur\u00e9e personnalisable<br \/>&#8211; Nouveau syst\u00e8me de synchronisation BSnab permettant de relier le script \u00e0 un lapin communiquant Nabaztag ou Karotz<br \/>&#8211; Ajout d&rsquo;un raccourci direct dans le menu salon #Nom pour ouvrir directement les logs du jour du salon concern\u00e9<br \/>&#8211; Ajout de raccourcis d&rsquo;actions multiserveur dans la barre de menu<br \/>&#8211; Correction d&rsquo;une erreur de soulignage dans la remise par d\u00e9faut des d\u00e9corations visuelles de pseudo<br \/>&#8211; Nouvelle fen\u00eatre de filtreur de priv\u00e9 plus ergonomique avec la possibilit\u00e9 d&rsquo;afficher la photo de son contact<br \/>&#8211; Nouvelle option de l&rsquo;auto-join de serveurs permettant d&rsquo;enregistrer un pseudo et un pass sp\u00e9cifique par serveur<br \/>&#8211; Nouvelle fen\u00eatre de signalement des notifi\u00e9s plus claire avec affichage possible des photos<br \/>&#8211; Nouvelle commande raccourci !ank et \/ank pour changer votre pseudo sur tous les serveurs \u00e0 la fois<br \/>&#8211; Int\u00e9gration des liens facebook et twitter de BSmaxScript et Maxino<br \/>&#8211; Int\u00e9gration de nombreux nouveaux th\u00e8mes de d\u00e9coration du script, et nouveau th\u00e8me par d\u00e9faut<br \/>&#8211; Perfectionnement des Whois visant \u00e0 obtenir + d&rsquo;informations<br \/>&#8211; Mise en raccourci d&rsquo;ouverture de l&rsquo;\u00e9cran de connexion aux serveurs en double-cliquant dans la fen\u00eatre de status<br \/>&#8211; Affichage direct du nombre de lignes dans le presse-papier du menubar \u00ab\u00a0Coller\u00a0\u00bb avec syst\u00e8me d&rsquo;envoi de long texte par palliers sans excess flood<br \/>&#8211; Possibilit\u00e9 de choisir si la liste des ignor\u00e9s doit \u00eatre vid\u00e9e au d\u00e9marrage ou pas<br \/>&#8211; Int\u00e9gration d&rsquo;un asisstant de modification de configuration pour accepter les connexions \u00e0 Undernet et \u00e9quivalents<br \/>&#8211; Correction du formatage sans couleur du ColorStudio permettant une meilleure compatibilit\u00e9 Irssi et Eggdrop\u00a0<br \/>&#8211; Ajout d&rsquo;un syst\u00e8me d&rsquo;auto-d\u00e9axx permettant de choisir les endroits o\u00f9 ne pas afficher son acc\u00e8s<br \/>&#8211; Compatibilit\u00e9 du syst\u00e8me \/AC en priv\u00e9, correction orthographique du script et ergonomie de certains modules revue<br \/>&#8211; Correction du bug des notices du serveurs re\u00e7ues lorsque l&rsquo;option \u00e9tait d\u00e9sactiv\u00e9e<br \/>&#8211; Activation du son des conversations priv\u00e9es par d\u00e9faut<br \/>&#8211; Prise en charge du formatage de texte sur l&rsquo;envoi de messages pr\u00e9d\u00e9finis<br \/>&#8211; Int\u00e9gration du MSS : Maxino Sound System, 32 sons pour animer le jeu de BSmax Maxino en direct<br \/>&#8211; Ajout d&rsquo;un module compl\u00e9mentaire : Lecteur de flux RSS<br \/>&#8211; Int\u00e9gration d&rsquo;un encryptage \u00ab\u00a0Code MaXoU\u00a0\u00bb pour dialoguer entre utilisateurs de BSmaxScript<br \/>&#8211; Am\u00e9lioration du d\u00e9tecteur de multi pseudos prenant en charge un suivi des 10 derniers pseudos diff\u00e9rents utilis\u00e9s<br \/>&#8211; Correction de l&rsquo;affichage manuel d\u00e9faillant du d\u00e9tecteur de clones<br \/>&#8211; Affichage possible des notices re\u00e7ues et envoy\u00e9es sur tous les salons communs avec votre interlocuteur<br \/>&#8211; Modification des jeux de salon accessibles maintenant sur un salon sp\u00e9cifique et plus l&rsquo;ensemble<br \/>&#8211; Correction de l&rsquo;Anti-ban qui ne restait pas d\u00e9sactiv\u00e9<\/span><\/p>\t\t\t\t\t\t<\/div>\n\t\t\t\t<\/div>\n\t\t\t\t\t<\/div>\n\t\t<\/div>\n\t\t\t\t\t\t\t<\/div>\n\t\t<\/section>\n\t\t\t\t\t\t\t<\/div>\n\t\t","protected":false},"excerpt":{"rendered":"<p>Changelog Nouveaut\u00e9s et changements par rapport \u00e0 la version pr\u00e9c\u00e9dente : &#8211; Retour du son lors d&rsquo;un texte en priv\u00e9 dans le<\/p>\n<p class=\"link-more\"><a class=\"myButt \" href=\"https:\/\/www.bsmax.fr\/?page_id=294\">Read More<\/a><\/p>\n","protected":false},"author":1,"featured_media":0,"parent":0,"menu_order":0,"comment_status":"closed","ping_status":"closed","template":"","meta":{"footnotes":""},"class_list":["post-294","page","type-page","status-publish","hentry"],"_links":{"self":[{"href":"https:\/\/www.bsmax.fr\/index.php?rest_route=\/wp\/v2\/pages\/294","targetHints":{"allow":["GET"]}}],"collection":[{"href":"https:\/\/www.bsmax.fr\/index.php?rest_route=\/wp\/v2\/pages"}],"about":[{"href":"https:\/\/www.bsmax.fr\/index.php?rest_route=\/wp\/v2\/types\/page"}],"author":[{"embeddable":true,"href":"https:\/\/www.bsmax.fr\/index.php?rest_route=\/wp\/v2\/users\/1"}],"replies":[{"embeddable":true,"href":"https:\/\/www.bsmax.fr\/index.php?rest_route=%2Fwp%2Fv2%2Fcomments&post=294"}],"version-history":[{"count":7,"href":"https:\/\/www.bsmax.fr\/index.php?rest_route=\/wp\/v2\/pages\/294\/revisions"}],"predecessor-version":[{"id":318,"href":"https:\/\/www.bsmax.fr\/index.php?rest_route=\/wp\/v2\/pages\/294\/revisions\/318"}],"wp:attachment":[{"href":"https:\/\/www.bsmax.fr\/index.php?rest_route=%2Fwp%2Fv2%2Fmedia&parent=294"}],"curies":[{"name":"wp","href":"https:\/\/api.w.org\/{rel}","templated":true}]}}