{"id":262,"date":"2021-01-04T22:04:00","date_gmt":"2021-01-04T21:04:00","guid":{"rendered":"http:\/\/www.bsmax.fr\/?page_id=262"},"modified":"2022-03-17T08:19:39","modified_gmt":"2022-03-17T07:19:39","slug":"a-propos-2","status":"publish","type":"page","link":"https:\/\/www.bsmax.fr\/?page_id=262","title":{"rendered":"Contact"},"content":{"rendered":"\t\t<div data-elementor-type=\"wp-page\" data-elementor-id=\"262\" class=\"elementor elementor-262\">\n\t\t\t\t\t\t\t\t\t<section class=\"elementor-section elementor-top-section elementor-element elementor-element-5aab93d elementor-section-boxed elementor-section-height-default elementor-section-height-default\" data-id=\"5aab93d\" data-element_type=\"section\">\n\t\t\t\t\t\t<div class=\"elementor-container elementor-column-gap-default\">\n\t\t\t\t\t<div class=\"elementor-column elementor-col-100 elementor-top-column elementor-element elementor-element-d607881\" data-id=\"d607881\" data-element_type=\"column\">\n\t\t\t<div class=\"elementor-widget-wrap elementor-element-populated\">\n\t\t\t\t\t\t\t\t<div class=\"elementor-element elementor-element-4906b58 elementor-widget elementor-widget-heading\" data-id=\"4906b58\" data-element_type=\"widget\" data-widget_type=\"heading.default\">\n\t\t\t\t<div class=\"elementor-widget-container\">\n\t\t\t<h2 class=\"elementor-heading-title elementor-size-default\">Contact<\/h2>\t\t<\/div>\n\t\t\t\t<\/div>\n\t\t\t\t\t<\/div>\n\t\t<\/div>\n\t\t\t\t\t\t\t<\/div>\n\t\t<\/section>\n\t\t\t\t<section class=\"elementor-section elementor-top-section elementor-element elementor-element-e7ff8f8 elementor-section-boxed elementor-section-height-default elementor-section-height-default\" data-id=\"e7ff8f8\" data-element_type=\"section\">\n\t\t\t\t\t\t<div class=\"elementor-container elementor-column-gap-default\">\n\t\t\t\t\t<div class=\"elementor-column elementor-col-100 elementor-top-column elementor-element elementor-element-b6bd59d\" data-id=\"b6bd59d\" data-element_type=\"column\">\n\t\t\t<div class=\"elementor-widget-wrap elementor-element-populated\">\n\t\t\t\t\t\t\t\t<div class=\"elementor-element elementor-element-d62d990 elementor-widget elementor-widget-image\" data-id=\"d62d990\" data-element_type=\"widget\" data-widget_type=\"image.default\">\n\t\t\t\t<div class=\"elementor-widget-container\">\n\t\t\t\t\t\t\t\t\t\t\t\t\t\t\t<img loading=\"lazy\" decoding=\"async\" width=\"225\" height=\"300\" src=\"https:\/\/www.bsmax.fr\/wp-content\/uploads\/2021\/01\/IMG_4415-225x300.jpg\" class=\"attachment-medium size-medium wp-image-64\" alt=\"\" srcset=\"https:\/\/www.bsmax.fr\/wp-content\/uploads\/2021\/01\/IMG_4415-225x300.jpg 225w, https:\/\/www.bsmax.fr\/wp-content\/uploads\/2021\/01\/IMG_4415-768x1024.jpg 768w, https:\/\/www.bsmax.fr\/wp-content\/uploads\/2021\/01\/IMG_4415.jpg 960w\" sizes=\"auto, (max-width: 225px) 100vw, 225px\" \/>\t\t\t\t\t\t\t\t\t\t\t\t\t\t\t<\/div>\n\t\t\t\t<\/div>\n\t\t\t\t\t<\/div>\n\t\t<\/div>\n\t\t\t\t\t\t\t<\/div>\n\t\t<\/section>\n\t\t\t\t<section class=\"elementor-section elementor-top-section elementor-element elementor-element-165ef52 elementor-section-boxed elementor-section-height-default elementor-section-height-default\" data-id=\"165ef52\" data-element_type=\"section\">\n\t\t\t\t\t\t<div class=\"elementor-container elementor-column-gap-default\">\n\t\t\t\t\t<div class=\"elementor-column elementor-col-100 elementor-top-column elementor-element elementor-element-7766c12\" data-id=\"7766c12\" data-element_type=\"column\">\n\t\t\t<div class=\"elementor-widget-wrap elementor-element-populated\">\n\t\t\t\t\t\t\t\t<div class=\"elementor-element elementor-element-211d988 elementor-widget elementor-widget-text-editor\" data-id=\"211d988\" data-element_type=\"widget\" data-widget_type=\"text-editor.default\">\n\t\t\t\t<div class=\"elementor-widget-container\">\n\t\t\t\t\t\t\t<p>Depuis 2010, nous nous d\u00e9pla\u00e7ons \u00e0 domicile ou dans vos locaux pour d\u00e9panner tous vos appareils informatiques ou de t\u00e9l\u00e9phonie.<\/p><p>Nous avons acquis notre r\u00e9putation gr\u00e2ce aux relations que nous avons d\u00e9velopp\u00e9es avec nos clients au fil des ann\u00e9es. Nous sommes convaincus que tous nos clients m\u00e9ritent les meilleurs services, et nous faisons tout notre possible pour les satisfaire. Contactez-nous pour en savoir plus.<\/p>\t\t\t\t\t\t<\/div>\n\t\t\t\t<\/div>\n\t\t\t\t\t<\/div>\n\t\t<\/div>\n\t\t\t\t\t\t\t<\/div>\n\t\t<\/section>\n\t\t\t\t<section class=\"elementor-section elementor-top-section elementor-element elementor-element-a70ed88 elementor-section-boxed elementor-section-height-default elementor-section-height-default\" data-id=\"a70ed88\" data-element_type=\"section\">\n\t\t\t\t\t\t<div class=\"elementor-container elementor-column-gap-default\">\n\t\t\t\t\t<div class=\"elementor-column elementor-col-100 elementor-top-column elementor-element elementor-element-c6a5502\" data-id=\"c6a5502\" data-element_type=\"column\">\n\t\t\t<div class=\"elementor-widget-wrap elementor-element-populated\">\n\t\t\t\t\t\t\t\t<div class=\"elementor-element elementor-element-2e59469 elementor-widget elementor-widget-heading\" data-id=\"2e59469\" data-element_type=\"widget\" data-widget_type=\"heading.default\">\n\t\t\t\t<div class=\"elementor-widget-container\">\n\t\t\t<h2 class=\"elementor-heading-title elementor-size-large\"><a href=\"mailto:contact@bsmax.fr\"><a href=\"tel:+33749280122\" style=\"font-family: var( --e-global-typography-primary-font-family ), Sans-serif; font-size: 39px; white-space: normal; background-color: rgb(214, 212, 216);\">07.49.28.01.22<\/a><br>contact@bsmax.fr<\/a><\/h2>\t\t<\/div>\n\t\t\t\t<\/div>\n\t\t\t\t\t<\/div>\n\t\t<\/div>\n\t\t\t\t\t\t\t<\/div>\n\t\t<\/section>\n\t\t\t\t<section class=\"elementor-section elementor-top-section elementor-element elementor-element-c62681a elementor-section-boxed elementor-section-height-default elementor-section-height-default\" data-id=\"c62681a\" data-element_type=\"section\">\n\t\t\t\t\t\t<div class=\"elementor-container elementor-column-gap-default\">\n\t\t\t\t\t<div class=\"elementor-column elementor-col-100 elementor-top-column elementor-element elementor-element-6d8eb13\" data-id=\"6d8eb13\" data-element_type=\"column\">\n\t\t\t<div class=\"elementor-widget-wrap elementor-element-populated\">\n\t\t\t\t\t\t\t\t<div class=\"elementor-element elementor-element-20db471 elementor-widget elementor-widget-text-editor\" data-id=\"20db471\" data-element_type=\"widget\" data-widget_type=\"text-editor.default\">\n\t\t\t\t<div class=\"elementor-widget-container\">\n\t\t\t\t\t\t\t<p style=\"text-align: center;\">Du lundi au vendredi de 09h00 \u00e0 18h00<\/p>\t\t\t\t\t\t<\/div>\n\t\t\t\t<\/div>\n\t\t\t\t\t<\/div>\n\t\t<\/div>\n\t\t\t\t\t\t\t<\/div>\n\t\t<\/section>\n\t\t\t\t\t\t\t<\/div>\n\t\t","protected":false},"excerpt":{"rendered":"<p>Contact Depuis 2010, nous nous d\u00e9pla\u00e7ons \u00e0 domicile ou dans vos locaux pour d\u00e9panner tous vos appareils informatiques ou de t\u00e9l\u00e9phonie. Nous<\/p>\n<p class=\"link-more\"><a class=\"myButt \" href=\"https:\/\/www.bsmax.fr\/?page_id=262\">Read More<\/a><\/p>\n","protected":false},"author":1,"featured_media":0,"parent":0,"menu_order":0,"comment_status":"closed","ping_status":"closed","template":"","meta":{"footnotes":""},"class_list":["post-262","page","type-page","status-publish","hentry"],"_links":{"self":[{"href":"https:\/\/www.bsmax.fr\/index.php?rest_route=\/wp\/v2\/pages\/262","targetHints":{"allow":["GET"]}}],"collection":[{"href":"https:\/\/www.bsmax.fr\/index.php?rest_route=\/wp\/v2\/pages"}],"about":[{"href":"https:\/\/www.bsmax.fr\/index.php?rest_route=\/wp\/v2\/types\/page"}],"author":[{"embeddable":true,"href":"https:\/\/www.bsmax.fr\/index.php?rest_route=\/wp\/v2\/users\/1"}],"replies":[{"embeddable":true,"href":"https:\/\/www.bsmax.fr\/index.php?rest_route=%2Fwp%2Fv2%2Fcomments&post=262"}],"version-history":[{"count":34,"href":"https:\/\/www.bsmax.fr\/index.php?rest_route=\/wp\/v2\/pages\/262\/revisions"}],"predecessor-version":[{"id":420,"href":"https:\/\/www.bsmax.fr\/index.php?rest_route=\/wp\/v2\/pages\/262\/revisions\/420"}],"wp:attachment":[{"href":"https:\/\/www.bsmax.fr\/index.php?rest_route=%2Fwp%2Fv2%2Fmedia&parent=262"}],"curies":[{"name":"wp","href":"https:\/\/api.w.org\/{rel}","templated":true}]}}